 -103920. Let p = g - 3038. Is p a composite number?
False
Let v(c) = 847*c**2 + c - 125. Is v(-9) composite?
False
Let m = 10 - 14. Let o(z) = 36*z**2 - 16*z - 38. Let q(d) = 9*d**2 - 4*d - 9. Let k(c) = -2*o(c) + 9*q(c). Is k(m) prime?
False
Suppose 0 = -2146*c + 2152*c - 613026. Is c a composite number?
True
Suppose -10*h - 5*j + 972399 = -6*h, 0 = -3*h - 3*j + 729300. Is h a prime number?
True
Let b = -44747 - -305998. Is b prime?
True
Let g(t) = 31*t**2 + 16*t - 24. Let u(z) = -62*z**2 - 33*z + 47. Let o(h) = -11*g(h) - 6*u(h). Is o(-11) a composite number?
False
Let y(d) = -d**3 + 167*d**2 + 330*d + 83. Is y(77) a composite number?
True
Let s be (3/6)/(2/(-4)). Let a be s - (-3)/2*1324/(-6). Let g = a + 555. Is g a composite number?
False
Let w(i) = 452061*i**2 - 26*i + 24. Is w(1) prime?
False
Let c(l) = 16093*l**2 + 39*l + 185. Is c(-6) a composite number?
True
Let z(q) = 16*q + 2. Let p be z(1). Suppose 6*t - p*t = 36. Is ((-1 + 9)/4 + t)*-863 prime?
True
Let c(i) = 563*i**2 - 87*i - 2515. Is c(-27) composite?
True
Suppose -g = g - 632. Suppose 5*s - 5*t = 4705, 2*t = -12*s + 11*s + 959. Let v = s - g. Is v prime?
True
Let u = 18 + -23. Let j be (u - (4 - 10))/(2/(-2)). Is 506 - ((-2 - -6) + j) a prime number?
True
Suppose 0 = -3*x + 4*s + 1 + 9, 5*s + 5 = 3*x. Is (4604/x)/((-8)/(-20)) a prime number?
True
Let c(n) be the second derivative of -3*n + 121/6*n**4 + 1/2*n**2 - 1/6*n**3 + 0. Is c(2) prime?
True
Let r = 4535 - 2340. Suppose 0 = 9*m - 10*m - 3*j + r, 5*m = 4*j + 10899. Is m a prime number?
False
Let a(h) = -6111*h + 8296. Is a(-13) prime?
True
Is (12/(-35 + -1))/((-2)/4794) composite?
True
Suppose 2*y + 13008 = 2*i, -4*i + 52*y - 56*y + 26032 = 0. Is i a prime number?
False
Suppose -85*n - 4937491 = -62162126. Is n a composite number?
True
Let p(r) be the third derivative of 13/24*r**4 + 8/15*r**5 + 13/6*r**3 - 3*r**2 + 10*r + 0. Is p(-6) a composite number?
False
Let s be 0/26*(-1)/2 - 14. Let p(h) = -42*h - 5. Is p(s) prime?
False
Let n(y) = -3680*y**3 + 29*y**2 + 89*y - 7. Is n(-3) prime?
True
Let n(x) = -3*x - 11*x**2 + 7*x**3 + 3*x**2 - 8*x**3 - 20 + 0*x**3. Let j be n(-14). Let d = j - 525. Is d a composite number?
False
Suppose 0 = -0*k - 5*k + 100. Suppose 0 = 4*j + 16 - k. Let a(o) = 860*o**3 + 2*o**2 + o - 1. Is a(j) composite?
True
Suppose 10*i + 4*h = 6*i + 1172056, -3*h - 1172091 = -4*i. Is i composite?
True
Let d be 216*-32*(-117)/54. Let b = d + -6475. Is b composite?
False
Let m = -138410 - -208203. Is m a prime number?
False
Let n be (10/(-25) - 27/(-5)) + 99239. Suppose n = 24*m - 241700. Is m a composite number?
True
Let g be (8/(-6))/((40/(-18))/10). Is (-485)/(1 - g)*(-1 - -2) prime?
True
Let l = 3525 - 1570. Let b = l - 1164. Suppose -b = -2*k - 69. Is k a composite number?
True
Let k(s) = -114*s - 127. Let x be k(-22). Suppose 3*z = -3*h + 2514, -x - 135 = -3*z - h. Is z composite?
False
Is (-2)/((-171)/(-63) - 3) + 48576 a composite number?
True
Let x(q) be the second derivative of -19*q**5/20 - q**4/2 - 3*q**2 + 5*q. Is x(-5) prime?
False
Is 715738/8 + (-34)/136 a composite number?
True
Suppose -207908 = 3*q - 56816. Is ((-2)/(-3))/((-24)/q) prime?
True
Let s be 4 + (-2)/(-12)*0. Suppose -4*g = 4*m - 17492, -13119 = -3*m + g + s*g. Is m composite?
False
Let d = 19961 + 130232. Is d composite?
False
Suppose -511206 = -12*a + 102102. Is a composite?
False
Is (366*10/120)/(3/5118) prime?
False
Suppose -4*o = -22*o - 72360. Let v = o - -5843. Is v composite?
False
Let r be -2 - 0/(-3) - -4. Let p = -480 - -480. Suppose a = -p + 5, -509 = -r*f + a. Is f a prime number?
True
Is 46/(-184) + (-7084200)/(-32) a prime number?
False
Suppose 80*h - 81*h + 18833 = 0. Is h composite?
True
Let d(r) = 103*r**3 - 4*r**2 + 14*r - 21. Let m be d(2). Let q = 222 + m. Is q a prime number?
False
Let s be -27*(3 - 2) - 3. Let k be 5/(s/(-4))*(8 - 2). Suppose k*o - 1455 = 877. Is o prime?
False
Suppose 5*r = 3*w - 158724 + 622558, 5*w - 278280 = -3*r. Is r a prime number?
False
Is (-16844)/((-384)/(-33) - 12) a composite number?
True
Let k(r) = 1458*r + 43. Let q be ((-124)/186)/(2/(-21)). Is k(q) a prime number?
False
Is (66/(-154))/(9/(-3832269)) a composite number?
False
Let l = -12 + 2. Suppose 13 = 10*y - 7. Is (y + (-3528)/l)*10/4 a prime number?
True
Let h = 1126 - 6880. Suppose 4*q + 36943 = 3*t, 4 = -2*q + 4*q. Let y = t + h. Is y a prime number?
True
Suppose 671 = -j + 68315 + 44689. Is j prime?
False
Let z = -48 - -51. Is 18129*(-3)/(-18)*(z + -1) a prime number?
True
Let r(n) = -2*n**2 + 19*n + 22. Let i be r(10). Let z = -8 + i. Suppose 4*t = -z*u + 2100, -3*u - 4*t - 97 = -1676. Is u a prime number?
True
Let z = 26510 + -787. Is z prime?
False
Let t = 56185 - 19198. Is t a prime number?
False
Let o = -3511 - -10634. Let k = o + -780. Is k a prime number?
True
Let s(u) = 2*u + 13065. Let g be s(0). Suppose 16*v - 5351 = g. Is v a prime number?
True
Let l = -185631 - -552325. Is (-1)/(-7) + l/7 a prime number?
False
Let w(k) = -3987*k**3 - 20*k**2 - 23*k + 11. Is w(-5) composite?
True
Let d(o) = 841*o**2 + 69*o - 1597. Is d(-62) prime?
False
Suppose 10 + 35 = 9*q. Suppose 42 = q*m - 108. Let k = m - -221. Is k composite?
False
Is (7044319/(-111))/((-5)/15) composite?
False
Suppose 304*r + 51093 = 307*r - 5*g, 0 = 4*r + 2*g - 68072. Is r a composite number?
False
Let g = 87 + -83. Let h(i) = 3*i**3 + 14*i**2 - 29*i + 17. Let r(q) = 5*q**3 + 28*q**2 - 58*q + 35. Let b(z) = g*r(z) - 7*h(z). Is b(11) prime?
False
Let h = -148773 + 392134. Is h prime?
False
Let l(u) be the second derivative of 231*u**4/4 + u**3/2 - 5*u**2/2 - 11*u. Is l(-4) a prime number?
True
Let y(b) = -b**3 - 47*b**2 + 175*b + 22. Is y(-59) a composite number?
False
Let v = -283851 + 424874. Is v composite?
False
Let d(k) = k**2 + 20*k - 80. Let m(i) = -21*i - 153. Let u be m(-8). Is d(u) a composite number?
True
Let i be 6/(-21) + (-23)/(-7). Let c be 2/((-86)/(-29) - i). Let h = c - -93. Is h composite?
True
Let b = -464 + 1187. Suppose -4*k + 4 = 0, -b = -2*y + k - 4920. Let i = y + 3375. Is i prime?
True
Let x be 2 - (1 + 3) - (-4 + -1). Let b = -23 - -32. Is 484 - x/9*b prime?
False
Suppose 0 = -4*k - 19*k + 161. Let q(i) = 222*i**2 - 17*i + 144. Is q(k) a composite number?
False
Let l = 2009 + -890. Suppose 4*y + 227 - l = 0. Is y a prime number?
True
Let f(a) = -255536*a - 2839. Is f(-7) composite?
False
Let h(d) = -d**2 - 20. Let f be h(0). Let n be -1 + 1 + 0/f. Suppose 5*x + 4*y + 101 - 1276 = n, -5*x - 2*y = -1185. Is x a composite number?
False
Suppose 3262*c - 3273*c + 172997 = 0. Is c prime?
True
Is 682/(-11 + (-10 - -23)) a prime number?
False
Is (-2018)/((4/(-402))/(-5 + 64/12)) a prime number?
False
Let q = -16475 + 37324. Is q a composite number?
False
Is 88954 + (13/(65/(-40)) - -5) a composite number?
False
Let q be ((-280)/(-21) - 4)*6/4. Suppose 3*h + 9 = -3*j, 1 + 21 = -5*h + 2*j. Is h/q - (-3 + (-1098)/21) composite?
True
Let b(l) = -6*l**3 + 2*l**2 - 2*l - 4. Let s be b(-1). Suppose 5*w - 5818 = q, 2*q - s = -12. Is w prime?
True
Let k(c) = 16759*c - 8. Let p(g) = 13*g - 207. Let t be p(16). Is k(t) prime?
False
Let b = -45 - -47. Suppose -4*h - 4*z = -6808, 4*z + 2531 = b*h - 879. Let y = h - 1132. Is y prime?
True
Suppose 24*k + 136371 - 409355 = 254080. Is k a composite number?
False
Let d(a) = 442*a**3 - 41*a**2 + 32*a + 5. Is d(6) a composite number?
True
Let f(v) = 290*v + 74. Let a be f(3). Suppose -5*p + p + a = 2*s, 3*s + 934 = 4*p. Is p a prime number?
False
Let r(f) = 503*f**2 + 27*f + 1189. Is r(-39) composite?
False
Suppose -17*a + 14*a = -3*t - 436710, 3*t = 4*a - 582281. Is a a prime number?
False
Suppose -31*x + 1351 = -695. Is (-8)/(-44) - (-80310)/x composite?
False
Suppose 363 - 52 = a. Suppose j = 33*t - 30*t + 295, -j = t - a. Is j prime?
True
Suppose f - 15*f + 70 = 0. Let v(t) = 10*t**3 - 10*t**2 + 24*t + 3. Is v(f) a composite number?
False
Let l = -23347 - -33924. Is l a prime number?
False
Let d(k) = 45 + 39*k + 28*k + 24*k**2 - 41*k. Is d(19) composite?
False
Let x(l) = -247*l - 19. Let q be x(-16). Let t = q + -1984. Is t a composite number?
False
Let m(g) be the first derivative of 24*g**3 + 7*g**2 + 67*g + 86. Is m(-9) prime?
False
Suppose -4*v + 20 = v. Let r be 0 - 5 - (-63)/9. Suppose